j(n) = 6*n**3 - n**2 + 16*n + 6. Let v(m) = m**3 + 3*m + 1. Let s(u) = 2*j(u) - 11*v(u). Give s(q).
-1
Let q(t) = -t**3 + 8*t**2 - 8*t + 10. Let g be q(7). Suppose -3*r = g*u + 3, r + 2*r + 5*u = 7. Let d(k) = 2*k - 6*k + 5 - 7*k - 2*k**2 + 3*k. Calculate d(r).
-19
Let q(y) be the first derivative of 3 + y + 1/3*y**3 + 4*y**2. Give q(-7).
-6
Let w = -5 - -5. Let a(d) = d**2 - 1155 + w*d - d + 1154. What is a(3)?
5
Let h(b) = -6*b - 13. Let c(l) = -11*l - 26. Let t(w) = 3*c(w) - 5*h(w). Let o(f) = 2*f + 6. Let i(u) = -5*o(u) - 3*t(u). Determine i(4).
5
Let i(l) be the third derivative of l**6/120 + l**5/12 + l**4/6 + l**3/6 + l**2. Suppose -2*k - 13*x + 14*x - 16 = 0, -3*x - 7 = 5*k. What is i(k)?
-19
Suppose -31 = -4*y + 33. Suppose -1 = 4*v + 3*w + y, 5*v - 5 = 5*w. Let d be v/9 + 60/27. Let t(r) = -2*r**2 - r. Give t(d).
-10
Let d be (112 - 106) + 4*-3. Let b(h) = 3*h**3 - 6*h**2 - 2*h + 2. Let t(u) = -2*u**3 + 6*u**2 + u - 2. Let z(q) = -3*b(q) - 4*t(q). Give z(d).
-10
Suppose -d - 18 = 4*s, 3*s = -5*d - 2 - 3. Let j(m) = 2*m**2 + 3*m + 5. Let r(i) = -4*i**2 - 7*i - 11. Let x(p) = 7*j(p) + 3*r(p). Determine x(d).
10
Suppose -13 - 3 = -4*m, b - 43 = -4*m. Let c = 24 - b. Let l(x) = -x - 2. Determine l(c).
1
Let g(x) = -6*x**2 + 2*x + 2. Let y(n) = n**2 + 56*n - 513. Let l be y(8). Calculate g(l).
-6
Let c(s) = 2*s**3 - 4*s**2 + 4*s - 2. Let j(p) = -p - 1. Let r be j(-6). Suppose r*t - 5*q - 10 = 0, -4*t - 5*q + 8 = -0. Calculate c(t).
6
Let t(d) = 16*d + 591. Let g be t(-37). Let r(w) = -15*w**2 + w + 2. Give r(g).
-14
Let f(s) = s**3 - 18*s**2 + 13*s - 19. Let j(d) = 6*d**3 - 92*d**2 + 64*d - 97. Let z(c) = -11*f(c) + 2*j(c). Give z(-15).
15
Let u(t) = t**3 - 8*t**2 - 8*t - 4. Suppose -32*o = -33*o - 47. Let g = 56 + o. Determine u(g).
5
Let t(v) = -v - 5. Let p be -1*6*(9 + -6 + -2). What is t(p)?
1
Let j(t) = -t - 3. Suppose -7*k + 25 + 17 = 0. Determine j(k).
-9
Let w be (-2)/((-10)/(-12) + -1). Suppose 2*q + 6 = 0, f + w - 2 = -2*q. Let v(l) be the second derivative of l**3/6 - 5*l - 33. Calculate v(f).
-4
Let j(y) = y**3 - 8 + 6*y**2 + 5*y + y**2 + 2*y**3 - 2*y**3. Let s be (-21)/(-9) + 12/18. Suppose -5*l = f + 21, s*f + 42 = -2*f - 4*l. Calculate j(f).
-2
Let x(b) = b**3 - 5*b**2 - 5*b + 9. Let p(r) = -2*r**3 + 2*r**2 - 2*r - 1. Let n be p(-1). What is x(n)?
-16
Let z(i) = -7*i**2 - i. Let s be z(1). Let d(y) be the second derivative of y**4/12 + y**3 + 9*y**2/2 - 6*y + 200. Give d(s).
25
Let m(h) be the first derivative of h**3/3 + 7*h**2/2 - 11*h - 69. What is m(-9)?
7
Suppose 6 = 5*a + 26, -10 = 3*h + 4*a. Let m be (4/6)/(-2)*-15. Suppose 5*n + m = -p, n = -0*n - h. Let q(i) = i**3 - 5*i**2 - 3*i + 7. Calculate q(p).
-8
Suppose o = -4*t + 9, -t + 28 - 2 = 5*o. Let c(b) = 10*b**2 - 14*b + 28. Let s(d) = -7*d**2 + 9*d - 19. Let p(j) = -5*c(j) - 7*s(j). Give p(o).
3
Let i(n) = 3*n + 47. Let c be (-28)/((-7 + (-76)/(-12))*-3). What is i(c)?
5
Let f be (6/((-6)/3))/(-1). Let s(q) = -2*q**2 - 3738 - q**3 + 3734 + 2*q**3 - q**2. What is s(f)?
-4
Let p(u) be the third derivative of -u**6/120 + u**5/10 - u**4/4 + u**3/2 + 82*u**2. What is p(5)?
-2
Let g be -2 + (1 - 3) - -1. Let w(r) = r**3 + 2*r**2 - r + 1. Let p be w(g). Let c(k) = -8*k - 5 + 242307*k**2 + 2*k - 242308*k**2. Calculate c(p).
0
Let v(a) = -64 - 7*a + 58 + a + 0*a. Let l be v(-2). Let q(y) be the first derivative of -y**4/4 + 2*y**3 + 3*y**2/2 - 6*y + 1. Determine q(l).
12
Let r(a) = 12*a + 5. Let k(v) = 5. Let p(i) = 2*k(i) - r(i). Calculate p(-4).
53
Let h = 474 + -471. Let v(j) = -5*j**2 + 5*j - 1. Let d(g) = -4*g**2 + 4*g. Let y(m) = 4*d(m) - 3*v(m). Determine y(h).
-3
Let n(g) = g**2 + 7*g + 5. Let a = -2 - 3. Let o be n(a). Let s(k) be the second derivative of k**3/3 + 3*k**2/2 + 64*k - 5. Calculate s(o).
-7
Let j = 0 - -4. Let s(q) be the first derivative of -1/4*q**4 - 5 + 4/3*q**3 + 0*q**2 - 5*q. Determine s(j).
-5
Let d = -13 + 10. Let x(o) = -19*o + 21*o + 6 - 4. Give x(d).
-4
Let d(a) = -a**2 + 11*a + 4. Let q(y) = -9*y + 497. Let p be q(54). Give d(p).
4
Let d(t) = 7*t + 26. Let w be d(-3). Let q(o) = 8*o - 3. Let f(a) = 0*a - 4*a + 6*a - 1. Let h(p) = -9*f(p) + 2*q(p). What is h(w)?
-7
Let k be 2 + 4 + -2 + 1. Suppose -p + 2*s - 10 = 6*s, 5 = -k*p - 5*s. Let j(z) be the first derivative of z**4/4 - z**3 + 3*z**2/2 + 1. Determine j(p).
2
Suppose -4*w + 3*t = 33, 20*w - 22*w = -t + 17. Let f(y) = -y**2 - 15*y - 21. What is f(w)?
33
Let k(r) = -2*r**2 - 10*r + 5. Let l(q) = 5*q**2 + 23*q - 10. Let w(s) = -7*k(s) - 3*l(s). Calculate w(4).
-17
Suppose 0*j = 5*j - 25. Suppose 2*x + 4 = 0, x - 6 = -3*f - 2. Let w(b) = 2*b**3 - 4*b**3 + 4*b**3 - b**3 + 6 + b - 5*b**f. Give w(j).
11
Let x(b) = -b - 2. Let v(i) = -i**3 + 10*i**2 + 2*i - 14. Let c be v(10). Give x(c).
-8
Let v(u) be the second derivative of 0*u**3 + 4*u + u**2 - 1/12*u**4 + 0. What is v(-3)?
-7
Let a(r) = -11*r - 646 + 9*r + 650. Give a(-12).
28
Let p(d) = 16*d - 6*d + 13 + 158*d**2 - 159*d**2. Determine p(9).
22
Let r = 100 - 107. Let j(f) = -f**2 - 5*f + 16. What is j(r)?
2
Let w(c) = -c**2 + 2*c + 4. Let u = 11 - 12. Let k(z) = -z - 1. Let t(h) = u*w(h) - 5*k(h). Calculate t(-3).
1
Let u = -11 + 21. Let y(i) = -7*i**3 + 5*i**2 - 17*i + 601. Let f(j) = -20*j**3 + 16*j**2 - 50*j + 1705. Let w(a) = -6*f(a) + 17*y(a). Calculate w(u).
-3
Suppose 3*n - 3*i - 27 = 0, -4*n - 2 = 5*i + 7. Suppose -n*v - 12 = 0, 4*o - 2*v = 3*o + 11. Let w(c) = c**3 - 6*c**2 + 4*c + 4. Determine w(o).
-1
Let f = -43 + 46. Let r(t) = f*t + 2*t - 5*t - t + 3. What is r(-7)?
10
Let u(s) = s**2 - s. Suppose -26 + 28 = 2*t. Let b be t + 0 + -8 - (-4 - -1). Determine u(b).
20
Let l(j) = -j**2 - 8*j + 11. Suppose 47 = -5*g + x, 0*x + 43 = -4*g - x. Determine l(g).
-9
Let i(t) = -t**3 - 5*t**2 - t + 2. Suppose 6 = 2*y + 2*s, 3*s = -4*y + 9 + 3. Let z be y/(3/2) + -6. What is i(z)?
-10
Let r(z) = 7 + 8*z + 1 + z**2 + 3 - 10 - 3*z. Suppose 36 = -5*a + 2*n, 5*n = -a - 3*a - 9. Let y = a + 2. Determine r(y).
-3
Suppose -4*d + 24 = -0*d. Let r(p) = -p**3 + 7*p**2 - 5*p + 9. Give r(d).
15
Let b(c) = -2*c**3 - 7*c**2 + 8*c - 23. Let n(s) = s**3 + 4*s**2 - 4*s + 10. Let a(x) = -2*b(x) - 5*n(x). Determine a(-6).
-28
Let o(t) be the third derivative of -t**5/60 + 5*t**4/12 + t**3/3 - 329*t**2. Calculate o(7).
23
Suppose -2*s - 604 = -2*r + 86, -3*r + 1035 = -4*s. Let i be 2/(-9) + 60/27. Let x(o) = 345*o + o**i - r*o. Calculate x(-2).
4
Let v(p) = -2*p**2 + 4*p + 4. Suppose y - 5 = 0, 3 = -3*h + 5*y - 7. Calculate v(h).
-26
Let a(u) be the first derivative of u**4/4 - u**3 + 3*u**2/2 - u + 75. Determine a(4).
27
Let h(o) = 5*o + 1. Let x(m) = 2*m - 6. Let r be x(-5). Let j = r + 19. Suppose 2 = l - j*l. Determine h(l).
-4
Let s(n) = -4*n**3 + 11*n**2 - 4*n + 1. Let p(b) = 7*b**3 - 22*b**2 + 10*b - 3. Let i(a) = -3*p(a) - 5*s(a). What is i(10)?
4
Suppose -2*s + 25 + 15 = -5*b, 2*b + 2*s = -2. Let q(u) = -u**2 - 3*u - 8. Calculate q(b).
-26
Suppose 13*b = -0*b. Let g(a) = -a**3 + a**2. Give g(b).
0
Let q(n) be the first derivative of -n**6/360 - n**5/120 - 7*n**3/3 - 2. Let g(v) be the third derivative of q(v). Let h be g(-2). Let l(z) = -z. What is l(h)?
2
Let z be (34 - 19)/(3/(-2)). Let n(s) = -s**3 - 10*s**2 + s + 4. What is n(z)?
-6
Let k(t) = 8*t**3 - t**2 + 2*t - 1. Suppose 0 = 2*u + 2. Let n(y) = -y**3. Let v(z) = u*k(z) - 5*n(z). What is v(1)?
-3
Let z(n) = n**3 - 8*n**2 + 9*n + 9. Suppose t - 19 = -3*p, -3*t = -4*p - 2*t + 30. Determine z(p).
23
Let j = 12 - 7. Suppose -f = -3*i - 29, -9 = i - 3*i - j*f. Let x be (i/(-14))/(5/35). Let r(o) = o**2 - 7*o + 5. Calculate r(x).
-7
Let u = 67 - 59. Let o(r) be the first derivative of 6*r + 1/3*r**3 - 3*r**2 + u. Determine o(6).
6
Let c(z) = z - 8. Let h be c(10). Let n(y) = 7*y**3 - 7*y**2 + 4*y - 6. Let r(g) = 13*g**3 - 13*g**2 + 7*g - 11. Let k(m) = 11*n(m) - 6*r(m). Calculate k(h).
0
Let x(n) = -3*n. Suppose 18*c - 7*c - 55 = 0. Calculate x(c).
-15
Let s(y) = -y**2 + 4*y. Let m be s(3). Let p(b) = -2*b**3 - b + 1. Determine p(m).
-56
Let r(j) = j**2 - 5*j - 37. Suppose k = 4*f - 33, f - 7 = -5*k + 17. Calculate r(f).
-1
Let z(s) be the second derivative of 1/3*s**3 - 3*s**2 + 15*s + 0. What is z(6)?
6
Suppose 0 = 6*l - 9*l + 15. Let h(u) = 9*u - u - 8 - 4*u - l*u. Give h(0).
-8
Suppose